lculate a(1).
7
Let b(g) = 3*g**2 + 6*g - 1. Let l(f) = 9*f**2 + 17*f - 2. Let s(t) = -8*b(t) + 3*l(t). Determine s(-2).
8
Suppose 4*n = 12, -5*v - 3*n + 22 = n. Suppose -v*h + h = 6. Let q(z) be the third derivative of -z**4/24 - z**3/3 + 6*z**2. Calculate q(h).
4
Let h(p) = 5*p**2 + 5*p + 5. Let z(j) = 9*j**2 + 10*j + 9. Let t(i) = 11*h(i) - 6*z(i). Let c be t(2). Let x(r) = 2*r - 81 - 75 + 233 - 72. Determine x(c).
-5
Let f(h) = -h - 7. Suppose 0 = -4*z + 28 + 4. Let x be 1/z + 90/48. Let k be (21/42)/(x/(-24)). What is f(k)?
-1
Let u(o) = -o**3 + 7*o**2 - 3*o - 6. Suppose 31 - 6 = 5*d. Suppose 17 = 2*v + d. Determine u(v).
12
Let a(i) = -11*i**2 - 35*i + 14. Let o(b) = 4*b**2 + 12*b - 5. Let y(l) = -3*a(l) - 8*o(l). Determine y(-4).
-22
Let i = 30 + -22. Let z(l) = -i*l - 8*l + 15*l + 1. Give z(-7).
8
Let p(r) be the third derivative of -r**5/60 - 5*r**4/24 + r**3/6 + 86*r**2. Determine p(-6).
-5
Let k = 2 + -3. Let m(n) = n**2 - n + 5. Let t(r) = 7*r**2 + 2*r - 21. Let d(p) = -4*m(p) - t(p). What is d(k)?
-12
Suppose q + 3*n - 8*n = 3, -2*q = -n - 6. Let t(s) = -1 - s - 2 + 5*s**2 - 2 + s**q. What is t(-5)?
0
Let d(z) = -z**3 + 5*z**2 - 3*z - 3. Let p be ((-16)/(-20))/(1/(-5)). Let g be (-2)/p*(7 - 1). Suppose -2*m - 4 = -g*m. Give d(m).
1
Let y(p) be the first derivative of -p**3/3 - 3*p**2 - p + 46. What is y(-5)?
4
Let k(c) = c + 9. Let s be k(-5). Let q(i) = -i**3 - s + 0 + 4 - i**2. Suppose 0 = -2*m + 5*m. Determine q(m).
0
Suppose -2*b - 7 = -3*b. Let x(i) = -i**3 + 8*i**2 - 5*i - 8. Let q be x(b). Let k(w) be the second derivative of w**3/6 + 5*w**2/2 - 2*w. Calculate k(q).
11
Let d(c) = 101*c + 2 + 108*c - 216*c. What is d(-3)?
23
Let s(m) = -2*m**2 + m**3 - 3*m**2 - m**2 + 7*m**2 - m - 9. Let b = 134 - 134. What is s(b)?
-9
Let z(p) = -p**2 + 7*p - 10. Let u(i) = -5*i - 81. Let n be u(-18). Determine z(n).
-28
Let t(s) = -s**2 + 2*s + 3. Let m be t(-1). Suppose -27 + 11 = -5*x + n, 2*x - 4 = n. Let l(f) = -3 - x + f - 2. What is l(m)?
-9
Let o(x) = 4*x**3 - 2*x**2 - 8*x - 6. Let l(w) = 5*w**3 - 4*w**2 - 11*w - 7. Let p(a) = -3*l(a) + 4*o(a). Let t(q) = q - 1. Let i be t(-2). What is p(i)?
3
Let p(j) = 3*j**2 + j**3 - 6*j**2 + 4*j + 1 - 3*j**2. Suppose -1242 = -14*d - 218*d + 25*d. What is p(d)?
25
Let a(c) = -c. Suppose -24 = 5*p - 4. Let h(n) = n + 1. Let m(b) = p*h(b) - 3*a(b). Calculate m(6).
-10
Let k be 1/(2/(-10 - 0)). Let t(v) be the first derivative of -v**5/120 - 5*v**4/24 - 8*v**3/3 + 8. Let u(w) be the third derivative of t(w). Determine u(k).
0
Let d(a) be the first derivative of -a**4/4 + 5*a**3/3 + 7*a**2/2 - 3*a + 4. Suppose -6*y = -y + 5*o - 40, -y - 3*o + 12 = 0. What is d(y)?
3
Let j(l) be the third derivative of l**4/24 + 5*l**3/6 + 2*l**2. Suppose -2*r = -5*d - 9, -4*r + d = -3*d - 24. Give j(r).
12
Let x(j) = -4 - 4*j + j + 13*j**2 + j + j**3 - 8*j**2. Suppose 4*m + 2*r = -4, -3*r + 12 + 0 = -3*m. Let k be ((-20)/(-8))/(m/4). Give x(k).
6
Let m(s) = 33 - 12 - 9 - 5*s - 10. What is m(-1)?
7
Let u(k) = k**3 - 3*k**2 - 2*k - 4. Let w(a) = a - 5. Let y be w(11). Let p(l) = -l**2 + 6*l + 4. Let n be p(y). Determine u(n).
4
Let r = 14 - 17. Let x(j) be the first derivative of j**4/4 + j**3 - j**2/2 + j - 5. Give x(r).
4
Let v(n) be the third derivative of n**4/8 - n**3/6 + 3*n**2 - 3*n. Determine v(-4).
-13
Let v(h) = -2*h. Suppose 4*a + 9 = -3*r + 80, a - 9 = r. Let p be a/3 - (-6)/(-9). Calculate v(p).
-8
Let h(p) = -25*p**2 - 4*p + 3*p**2 + 19*p**2 + p**3 - 6 + 2. Calculate h(4).
-4
Let h be (-1)/(-2) - (-176)/(-32). Let q(v) = -v**3 - 3*v**2 + 7*v + 1. Give q(h).
16
Let n be 3/(-18)*-10*3. Let t(w) = -w**2 + 6*w + 1. What is t(n)?
6
Let g(i) = 5*i**2 - 2*i - 2 - i - 2 - i**3. Let d be g(4). Let s(j) = -j**2 - j + 3. Give s(d).
3
Suppose -2*f + 3*x = -13, 3*f - 5 = x + 32. Let a(v) = 0 + 2 + f - v. Determine a(0).
16
Let d(s) = 2*s - 5. Let m(u) = 2*u**2 - 11. Let v be m(0). Let n be (1/3)/(v/132) - -8. Calculate d(n).
3
Let c = 3 - -2. Let a(b) = b**2 + 2*b + 2. Let h be a(-2). Let m(z) = -4*z**2 - h*z**3 + 4 + 0*z**3 - z**2 - z + 3*z**3. Calculate m(c).
-1
Let j be (-60)/(-16) + (-3)/4. Let h(q) = -21 + 8 + 14 - 2*q. Calculate h(j).
-5
Suppose 0 = -3*x + 6, 4*x - 14 + 4 = -2*y. Let o(q) = 5 + 2 - y - q**2 - 3*q. Let z(d) = 4*d + 79. Let j be z(-21). Calculate o(j).
-4
Let i(w) be the third derivative of 17*w**2 + 0*w + 1/15*w**5 - 1/24*w**4 + 0*w**3 + 0. Give i(2).
14
Let t(u) be the second derivative of -u**5/20 + u**4/12 + u**3/3 - u**2/2 + u. Suppose -3*n - 11 = -2*n. Let o = n + 9. Determine t(o).
7
Let p(k) = k**3 + 5*k**2. Let r be p(-5). Let u = 2 - 0. Let o(y) = 5 - y**2 + u*y**2 + 0*y**2. Calculate o(r).
5
Let t = -36 - -40. Let k(s) = -6 - 2*s + 7 - t + 0. What is k(-7)?
11
Let g = 7 + 3. Let n(m) = 14*m**2 + 0 - 1 - m - g*m**2. Let i(l) = l + 1. Let a be i(1). What is n(a)?
13
Suppose p = 3*d + 2, -3*p + 5*p - 37 = -5*d. Let k(f) = -f**2 - 11*f - 12 + p*f. Calculate k(0).
-12
Let d(b) be the third derivative of b**5/60 + 5*b**4/8 + 4*b**3/3 - 10*b**2 - 6*b. Determine d(-10).
-42
Let u(t) = -t**2 - 7*t - 9. Let s be -1*(-1 + -3 + 5). Let v be ((-3)/2)/(s/2). Suppose -2*m + 6 = -v*m. Give u(m).
-3
Let v(i) = -3*i + 0*i + i - 1 + 3*i**2. Let y be v(2). Let r(a) = -a**2 + 8*a - 3. Give r(y).
4
Let r(f) = -11*f**3 - 4*f**2 + 9*f + 7. Let v(w) = 6*w**3 + 2*w**2 - 5*w - 4. Let y(m) = -4*r(m) - 7*v(m). Give y(-2).
-6
Let x(v) = -v**2 - 7*v - 5. Let j(a) = 2*a - 11. Let s be j(8). Suppose -l - s + 1 = 0. Let n = 0 + l. Determine x(n).
7
Let h(m) = 12*m + 4*m**2 - m**2 - 1 - 13*m. Let l(g) = -14*g. Let o(a) = -a. Let i(b) = -l(b) + 12*o(b). Let x be i(1). Give h(x).
9
Let m(o) = 8*o + 35. Let j = -1351 - -1346. Give m(j).
-5
Suppose 0 = s + 2 - 6. Let i = s + -4. Suppose d = -2*m + 11, i*m = 5*m - 25. Let j(z) = 3*z**3 + 2*z**2 - 1. Give j(d).
4
Let f(n) = -2*n - 2. Suppose -4*v = -4*w + 34 - 6, -3*w + 5*v = -25. Suppose -6 = l + 3*b, 5*l - w*b + 27 + 3 = 0. Determine f(l).
10
Let n(a) be the third derivative of 7*a**4/12 + a**3/3 - 19*a**2. Let b be n(-1). Let f(v) = -v**2 - 13*v - 15. Determine f(b).
-3
Let v(x) = 6*x + 8 - 2*x - 10. Let z be v(1). Let q(w) = -1 - 2*w**3 + 27*w - 2*w**z - 4*w**3 - w**3 - 29*w. Give q(-1).
6
Let n(k) = -k + 17. Suppose 5*v = -4*m - 1, -2*m - 9 = -5*v - 46. Give n(m).
11
Let o(w) be the first derivative of -w**2 - 8*w + 1. Suppose -2*q = 3*h - 3*q + 22, 0 = -h + 4*q. What is o(h)?
8
Let d(z) = 16*z**3 + z**2 + z + 1. Suppose -2*t + 5*w = -3*t - 50, 3*t + w + 80 = 0. Let m = t - -24. What is d(m)?
-15
Let b(w) be the third derivative of w**6/120 - 7*w**5/60 + w**4/3 - 3*w**3/2 - 2*w**2 - 175*w. Determine b(6).
3
Let y(r) = -r**2 + 6*r + 5. Let q = -7 + 4. Let l be ((-3 + -78)/q)/(-1). Let j be 10*(-4 + l/(-6)). Calculate y(j).
10
Suppose 18*h = 22*h - 8. Suppose 0 = g - 4*g. Let x(l) = -3*l - l + g*l + 3. Determine x(h).
-5
Suppose 2*t = 4*q - 8, -3*q + 1 = -2*t - 3. Suppose 0*r = -t*r - 12. Let a(p) = 296 + p**2 - 1191 + 300 + 298 + 296. Give a(r).
8
Let z(t) = -67*t + 9 + 30*t + 36*t. Let g(y) = -y**2 + 3*y + 4. Let m be g(4). Calculate z(m).
9
Let d(u) be the third derivative of -u**5/60 + 7*u**4/24 - 8*u**3/3 - 2*u**2 - 1. What is d(7)?
-16
Suppose 10 = -10*k + 5*k. Let y(o) be the second derivative of o**5/20 + o**4/12 + o**3/6 + o**2 + 4*o. Give y(k).
-4
Suppose 26 = 5*k + 3*i, 2*k - 7 = -5*i - 8. Let u(h) = k*h + h - 16*h. Suppose -5*d - 4*z = 14 + 1, 5*d - 4*z = 25. Give u(d).
-8
Let c(l) = 0 - 1 - 5*l + 9*l - 3*l. Give c(9).
8
Let p(i) = 4*i**2 - 6*i - 7. Let s(c) = c**3 - 21*c**2 - 73*c + 23. Let b be s(24). Give p(b).
3
Let r(o) be the first derivative of o**3 + 4 - 1/2*o**2 + 0*o. Give r(-1).
4
Let q(h) be the third derivative of -h**4/6 + h**3/6 - 2*h**2 - 77. Let y = -9 - -10. Calculate q(y).
-3
Let b be 20/25*5/2. Let g be b/1*4/(5 - 9). Let n(z) = -z**3 - z**2 + z + 2. Give n(g).
4
Let j(m) = m**3 - 5*m**2 + 5*m - 1. Let s be j(4). Let n(z) = -7*z - 5 + 6 + s*z. Suppose 3*h - 8*h + 10 = 0. Determine n(h).
-7
Let j(k) be the third derivative of -k**5/60 + k**4/8 - 2*k**3/3 + k**2. Suppose -4*s = -2*t, -12*s - 2*t - 2*t - 60 = 0. Calculate j(s).
-22
Let y(m) be the first derivative of 0*m - 1/2*m**2 + 20. Calculate y(-3).
3
Let u(m) = 9*m**3 + 2*m**2 - 1. Le